719 and 2133.
9
Calculate the highest common factor of 4324480 and 8621.
233
Calculate the greatest common divisor of 410280 and 287040.
1560
What is the greatest common divisor of 19 and 41013438?
19
What is the greatest common divisor of 364375 and 2000?
125
Calculate the greatest common divisor of 4225 and 12924613.
169
What is the greatest common factor of 6456032 and 24?
8
What is the highest common divisor of 608 and 645088?
608
Calculate the greatest common divisor of 21735 and 119835.
45
Calculate the highest common divisor of 32124918 and 25620.
2562
What is the highest common divisor of 9882 and 777670578?
3294
What is the highest common factor of 791477 and 25009?
89
Calculate the highest common divisor of 8532 and 1516.
4
Calculate the highest common divisor of 84037404 and 10890.
726
What is the highest common factor of 7343440 and 10?
10
What is the highest common divisor of 36 and 177749856?
36
What is the highest common factor of 6 and 59498?
2
Calculate the greatest common divisor of 23040 and 8154.
18
What is the greatest common divisor of 64 and 1155439104?
64
Calculate the highest common factor of 23405 and 350300.
155
Calculate the greatest common divisor of 648495 and 1395.
45
What is the greatest common divisor of 34920 and 896765?
485
Calculate the greatest common factor of 6364629 and 4995.
999
What is the greatest common divisor of 264071010 and 852?
426
Calculate the highest common divisor of 1021351 and 2726.
29
What is the greatest common divisor of 3565 and 3819955?
115
What is the highest common divisor of 67392 and 1581606?
2106
Calculate the greatest common divisor of 1786 and 18769378.
38
Calculate the highest common factor of 108641 and 68549.
13
Calculate the greatest common factor of 210644229 and 258.
129
Calculate the greatest common factor of 119 and 11988893.
119
What is the highest common divisor of 13526142 and 161?
7
Calculate the greatest common factor of 142952764 and 8.
4
Calculate the highest common divisor of 1617 and 128106825.
1617
Calculate the highest common divisor of 10128 and 7668.
12
What is the highest common divisor of 2304 and 19776096?
288
Calculate the greatest common divisor of 4107638 and 4.
2
What is the greatest common factor of 4930 and 5790506?
34
Calculate the greatest common factor of 159980 and 9310.
190
What is the highest common divisor of 108480 and 47822730?
3390
What is the greatest common divisor of 130969272 and 336?
168
What is the greatest common divisor of 937936 and 14260?
124
Calculate the highest common factor of 10344698 and 130.
26
Calculate the highest common factor of 683949 and 1743.
21
What is the greatest common divisor of 58128 and 875553?
3633
Calculate the highest common divisor of 411194 and 3703.
161
What is the highest common divisor of 3024 and 7189287?
21
Calculate the greatest common factor of 8872897 and 1205.
241
Calculate the highest common divisor of 1355777140 and 20.
20
Calculate the greatest common factor of 35 and 16828.
7
What is the greatest common factor of 135293004 and 56?
28
Calculate the greatest common divisor of 13 and 10935509.
13
What is the greatest common factor of 14490649 and 2?
1
Calculate the highest common factor of 264994652 and 2492.
356
What is the greatest common divisor of 405 and 1130310?
45
Calculate the highest common factor of 21396 and 7128434.
3566
Calculate the highest common divisor of 1144 and 3074080.
8
Calculate the highest common divisor of 3209189 and 5947.
313
What is the highest common factor of 4029508 and 17388?
644
Calculate the greatest common factor of 2299 and 2265362.
121
What is the highest common factor of 12166 and 3304807?
869
What is the greatest common divisor of 2382 and 17740342?
794
Calculate the greatest common factor of 12257136 and 7752.
408
Calculate the highest common factor of 2176218 and 58.
58
What is the greatest common divisor of 8991116 and 49972?
3844
What is the greatest common divisor of 96503351 and 28?
7
Calculate the highest common factor of 5800 and 2839825.
725
Calculate the highest common divisor of 191007 and 24719.
19
What is the highest common factor of 219904445 and 5?
5
What is the greatest common factor of 114 and 12194162?
38
Calculate the highest common factor of 372342 and 54.
6
What is the highest common factor of 1088 and 51765?
17
Calculate the highest common divisor of 4398644806 and 13834.
13834
What is the highest common divisor of 145506 and 2025?
3
Calculate the highest common factor of 179136 and 3227247.
2799
Calculate the greatest common divisor of 73961216 and 154364.
4172
What is the highest common factor of 4 and 37513360?
4
What is the greatest common factor of 153804 and 1239?
21
Calculate the highest common factor of 22 and 576983.
11
What is the highest common divisor of 12672 and 43754436?
396
Calculate the greatest common factor of 76890320 and 255.
85
What is the greatest common divisor of 2 and 859481516?
2
What is the highest common divisor of 3443895 and 65?
65
Calculate the highest common divisor of 7353 and 368847.
171
What is the greatest common divisor of 130 and 357695?
65
What is the highest common factor of 374 and 61786636?
34
What is the greatest common divisor of 201166630 and 42?
14
What is the highest common divisor of 142396669 and 4443?
1481
Calculate the highest common factor of 20178542 and 37.
37
Calculate the greatest common divisor of 990 and 86248580.
110
Calculate the greatest common factor of 297 and 3706065.
99
What is the greatest common divisor of 119 and 5387912?
17
Calculate the greatest common factor of 315909 and 792.
99
What is the highest common factor of 3033443 and 1953?
217
What is the highest common factor of 24369000 and 40500?
1500
Calculate the greatest common divisor of 8228 and 5410539.
17
What is the greatest common divisor of 21723 and 344910553?
7241
What is the highest common divisor of 1587880 and 130?
10
What is the highest common factor of 3792742 and 2603?
19
What is the highest common factor of 5936276 and 244?
244
Calculate the greatest common factor of 178 and 3761318.
178
What is the greatest common factor of 67699603 and 9842?
703
What is the greatest common factor of 125525841 and 84?
21
What is the greatest common divisor of 62181 and 3659467?
2303
What is the highest common divisor of 1371309 and 19104?
597
Calculate the highest common factor of 45 and 1231749735.
15
Calculate the highest common divisor of 7697565 and 6270.
285
What is the greatest common divisor of 38391 and 1327605?
201
Calculate the highest common factor of 5015 and 1298035.
85
Calculate the highest common divisor of 4730 and 281496490.
4730
What is the highest common factor of 876258 and 22437?
81
What is the greatest common factor of 19170 and 760275810?
6390
Calculate the highest common factor of 460 and 26421530.
10
Calculate the highest common divisor of 1031894 and 72118.
674
What is the greatest common factor of 72846 and 5292127?
1349
Calculate the greatest common factor of 337487136 and 56.
56
What is the greatest common factor of 14251594 and 742?
742
What is the highest common divisor of 152 and 2718558?
38
Calculate the highest common divisor of 1509 and 10711.
1
What is the greatest common factor of 948025883 and 49?
49
What is the greatest common factor of 414357 and 885?
177
What is the greatest common factor of 110724608 and 1600?
64
What is the greatest common factor of 2221478 and 98?
14
Calculate the greatest common divisor of 163 and 20268724.
163
Calculate the greatest common factor of 14876880 and 160.
80
What is the greatest common factor of 25445 and 3820385?
3635
What is the highest common factor of 53628 and 122?
2
What is the greatest common divisor of 18397656 and 2592?
72
What is the highest common factor of 173159816 and 39488?
4936
What is the greatest common divisor of 16460676 and 360?
36
What is the highest common divisor of 633830 and 121705?
1205
Calculate the greatest common divisor of 2237805 and 8919.
9
What is the highest common factor of 12881624 and 2072?
2072
Calculate the greatest common factor of 376855 and 2706915.
565
Calculate the highest common factor of 283836 and 14569380.
2604
What is the highest common divisor of 9776 and 2009344?
752
What is the grea